hat is the tens digit of z?
1
Let q = -28 - -48. Suppose 2*d - q = -0*d. What is the units digit of d?
0
Let l = 79 - 25. What is the tens digit of l?
5
Let r = 47 + -31. Let j be (3/(-9))/1*-9. Suppose 2*p + 8 = 2*n + p, 2*n = j*p + r. What is the units digit of n?
2
Suppose 3 = -3*g - 3, 4*g + 24 = -4*j. What is the units digit of (3/j)/((-5)/20)?
3
Suppose -4*q = -2*b + 16, -4*b - 7 = 2*q + 1. Suppose -5*t + b*t = -90. What is the units digit of t?
8
Suppose 13 = -2*m + 57. Let s = 8 - m. What is the units digit of (-12)/(-42) - 94/s?
7
What is the units digit of (4/(-6))/((-8)/516)?
3
Let l be 13*(-2 - -4)*-1. Let n = 36 + l. What is the tens digit of n?
1
Suppose 18 = -0*k - k - 3*z, 0 = 2*k - 3*z. Let s = k - -15. Suppose -6*g = -2*a - 3*g + 2, 0 = a - 4*g + s. What is the units digit of a?
7
Suppose -76 = -4*m + 132. Let b = m - 27. What is the units digit of b?
5
Let v(b) = -2*b + 9. Let n(l) = -l**2 + 6*l + 8. Let j be n(6). Let d be v(j). What is the units digit of -2 - -4 - (d - -2)?
7
Let g(k) = k + 6. What is the units digit of g(5)?
1
Let b(m) = 80*m + 2. What is the tens digit of b(1)?
8
Suppose 4*n + 3 + 9 = -4*p, -4*n = -3*p + 26. What is the units digit of 14 - (3 - (p - 0))?
3
Let j(k) = -12*k**3. Let u be j(1). Let i(f) = 3*f + 6 + 6 - 4*f - 4. What is the tens digit of i(u)?
2
Let x(q) = 29*q**2 + q. Let g be x(1). What is the units digit of (g - (0 + 0)) + 0?
0
Let k = -28 - -30. What is the units digit of -1*k/4*-26?
3
Let v(x) = -2*x**3 + x**2 - x + 4. Let q(s) = -s**3 + s**2 + 1. Let f(a) = -3*q(a) + v(a). Let r be 2/(-10) - (-144)/45. What is the units digit of f(r)?
7
Suppose 0 = -7*r + 3*r - 20, -d + 4*r = -22. Suppose 0 = -3*x + t + 64, -d*t = -2*x + 3*t + 47. What is the units digit of x?
1
Let a = 347 + -248. What is the units digit of a?
9
Let c(k) = 65*k + 6. What is the units digit of c(3)?
1
Suppose -4*d = 4*a - 100, d - 54 = -d - 3*a. What is the tens digit of d?
2
Suppose -3*k + 85 = 2*k. What is the tens digit of k?
1
Let r(x) = 12*x + 5. Let i(l) = -23*l - 9. Let n(p) = 3*i(p) + 5*r(p). What is the units digit of n(-4)?
4
Let q be -1 - -2 - (-1 + -18). What is the tens digit of (q/(-12))/(1/(-12))?
2
Suppose 5*j + 5 = 2*d + 3*d, -3*d - 4*j + 10 = 0. Let f = 6 - 6. Suppose -3*i = -s - 18, 0 = -f*i - i + d*s + 6. What is the units digit of i?
6
Let n = 3 + -1. Suppose 0 = 3*u, 3*u + 5 - 1 = n*o. What is the units digit of o?
2
Let g(y) = -y**3 + 16*y**2 - 13*y + 9. What is the tens digit of g(15)?
3
What is the units digit of 2 + ((-8)/4 - -21)?
1
Suppose -11 = 2*q + 17. Let g = -7 - q. What is the units digit of g?
7
Suppose -2*i + 229 = b, -2*i - 38 = -3*b + 657. What is the units digit of b?
1
Suppose -n - 17 = -5*w, -4*n + 0*w = w + 26. Let g(p) = -p**3 - 7*p**2 - p - 3. What is the units digit of g(n)?
4
Let t(s) = -17*s + 1. Let b be 4/8 - (-3)/(-2). What is the units digit of t(b)?
8
Let h(u) = -u**3 - u**2 - 4*u - 5. Let m be h(-5). Suppose -4*x = -3*y + m, 5*y - 2*x = -3*x + 161. What is the tens digit of y?
3
Suppose -5 = -4*k + 43. Let z = 4 + k. What is the tens digit of z?
1
Let d(u) = -2*u**3 - 5*u**2 - 7*u - 14. Let c(v) = v**3 + 2*v**2 + 4*v + 7. Let b(w) = -7*c(w) - 4*d(w). What is the units digit of b(-6)?
7
Let p(r) be the third derivative of r**6/120 + r**3/6 + r**2. Let l(y) be the first derivative of p(y). What is the units digit of l(-1)?
3
Let n be 3/(-12) + 11/(-4). What is the units digit of n - -3 - -1*2?
2
Let o(h) = 2*h**2 - 5*h - 4. What is the tens digit of o(-5)?
7
Suppose -272 + 88 = -4*c. What is the tens digit of c?
4
Let a(o) = -2*o**2 + 4*o + 1. Let s be a(3). Let g = s + 11. What is the units digit of g?
6
Let m(n) = n**3 - 4*n**2 - 5*n + 2. Let a(u) = -3*u**2 - u**3 + u + 1 + 3*u**2. Let k(j) = 2*a(j) + m(j). What is the units digit of k(-3)?
4
Let v(c) = -34*c + 12. What is the units digit of v(-2)?
0
Let k = 134 + -72. Suppose -2*u + 2*j + j = -k, 8 = 2*j. What is the tens digit of u?
3
Let l(m) = -m**3 + 19*m**2 - 13*m - 12. What is the tens digit of l(18)?
7
Let n = -4 - -3. Let o = 3 + n. What is the units digit of o?
2
Suppose 0*v = -4*v - 12. Let n = 1 - v. What is the units digit of n?
4
Let n(d) be the first derivative of d**2/2 - 2*d - 2. Suppose -2*r + 4*f - 4 + 14 = 0, -5*f + 25 = 5*r. What is the units digit of n(r)?
3
Suppose -2*d = c - 380, -3*d + 59 = 4*c - 511. What is the tens digit of d?
9
Let x(u) = -2*u + 1. Let d be x(-2). Suppose 66 + 4 = d*h. What is the tens digit of h?
1
Let h(s) = 26*s**2 + 36*s + 4. What is the tens digit of h(-3)?
3
Suppose 4*v = -20, -3*a + 198 = 2*v - 230. What is the units digit of a?
6
Let j = -11 - -17. What is the units digit of 45/(-20)*(-16)/j?
6
Let s = 6 - 10. What is the units digit of (-2)/s*(-2 - -18)?
8
Let c = 25 - 4. What is the tens digit of c?
2
Let n = -24 + 24. Suppose n = -0*g + g - 23. What is the units digit of g?
3
Suppose -22*h + 1276 = -462. What is the tens digit of h?
7
Suppose 5*d - n - 1547 = d, n = -3*d + 1155. What is the tens digit of d?
8
Let t be (-4)/8*-1*28. Let j = t - -5. What is the units digit of j?
9
Let l = 11 - 19. Let f = l + 10. Suppose f*u - 22 + 6 = 0. What is the units digit of u?
8
Let p = -4 - -2. Let g be (-4)/(-6) + p/(-6). Let f = g - -3. What is the units digit of f?
4
Let k(s) = -2*s**2 + 19*s. What is the units digit of k(9)?
9
What is the units digit of 4/22 - (-650)/55?
2
What is the tens digit of -4*(-3)/4*13?
3
Suppose 0*l = 5*d + l + 302, -3*d - 184 = 2*l. What is the tens digit of (2/5)/((-2)/d)?
1
Suppose 4*x = 4*g - 48, g - 21 = -x - x. What is the tens digit of 3 + g - (-1 - 0)?
1
Suppose 26 = 2*s + 4*d - 4, -3*d = 5*s - 75. What is the units digit of (1 - 0)*(s - 4)?
1
Let q = 2 - -1. Let d be ((-1 - q) + 1)/(-1). Let m = 0 + d. What is the units digit of m?
3
Let n = 249 - 132. What is the tens digit of n?
1
Let n be 61/3 - (-2)/3. Let l = n + -10. Let z = l + 9. What is the tens digit of z?
2
Let m be ((-4)/(-3))/((-4)/(-66)). Suppose k - 5*f - 21 = 0, -116 - m = -4*k + 2*f. What is the units digit of k?
6
Let r(d) = 57*d**2 + d. What is the units digit of r(1)?
8
Let z = 172 + -30. What is the units digit of z?
2
Let u(o) = 13. Let c(v) = v - 1. Let h(f) = c(f) + u(f). What is the units digit of h(-5)?
7
Let h(g) = -13*g + 7. What is the hundreds digit of h(-18)?
2
Let q = 37 + -3. Let g = -18 + q. What is the tens digit of g?
1
Let i = 223 + -135. What is the units digit of i?
8
Suppose 0 = 2*o - 13 - 13. Suppose 3*x - o = 20. What is the units digit of x?
1
Let t = 0 + 8. Let p(w) = -w - 7. Let d be p(t). What is the units digit of d*1/2*-2?
5
Suppose u = c + 62, 4*u - 251 = 2*c + c. What is the units digit of u?
5
Suppose -4*b - 4*g + 2*g = -16, -5*b = 4*g - 23. What is the units digit of b?
3
Suppose 112 = 3*w + w. What is the tens digit of w?
2
Suppose -j = z + 15 - 100, 0 = 3*j + 5*z - 263. What is the tens digit of j?
8
Let b(l) = 3 - 3*l + 3*l - 3*l + 4*l. What is the units digit of b(0)?
3
Suppose 0 = -5*a - 2*r + 72, -3*r - 14 - 11 = -2*a. What is the units digit of a?
4
Suppose 4*m = 3*m + 13. Let f = -8 + m. Suppose -f*y = -37 - 23. What is the units digit of y?
2
Suppose 0 = -0*r + 5*r - 195. What is the tens digit of r?
3
Let z(f) be the second derivative of f**3/6 + f**2 + 3*f. Let b be z(2). Suppose b*o - 36 = -0*o. What is the units digit of o?
9
Let q be 4/6 + (-14)/(-6). Suppose 4*l + q*a = 5*l + 3, 5*l + 71 = a. Let p = -11 - l. What is the units digit of p?
4
Suppose 0 = -4*p + 6 + 14. What is the units digit of p?
5
Suppose 26 = 5*c - 4. Suppose -r - 3*u + c = -4, -3*r + u = -10. Suppose 0 = -2*l + 5*h + 16, -4*l = -0*h + r*h - 4. What is the units digit of l?
3
Let t(n) = n**3 + 15*n**2 - 2*n - 21. What is the units digit of t(-15)?
9
What is the hundreds digit of (-2 + -1 + 0)/((-6)/356)?
1
What is the tens digit of ((-8)/(-5))/(-2)*(-140)/7?
1
Let h be 0/2 - -1*9. Let q(g) = -g**3 - 13*g**2 + 14*g + 1. Let a be q(-14). What is the units digit of (0 - a)/((-3)/h)?
3
Let j be (-32)/(-18) - 4/(-18). Suppose 2*l - 8 = -2*l. Suppose r + j*r = -l*w + 2, -w - 4*r - 4 = 0. What is the units digit of w?
4
What is the tens digit of (0/(-3))/5 - -72?
7
Let x be 39/((-2)/(40/(-6))). Suppose 54 = i - 5*o, -2*i + 5*i + o - x = 0. What is t